{"id":19,"date":"2021-02-11T14:58:08","date_gmt":"2021-02-11T12:58:08","guid":{"rendered":"https:\/\/friseur-salon-frisko-boeblingen.de\/?page_id=19"},"modified":"2021-02-11T16:05:53","modified_gmt":"2021-02-11T14:05:53","slug":"biosthetique","status":"publish","type":"page","link":"https:\/\/friseur-salon-frisko-boeblingen.de\/?page_id=19","title":{"rendered":"Biosthetique"},"content":{"rendered":"<p><em><strong>Biosthetique und Philosophie<\/strong><\/em><\/p>\n<p>Unsere Philosophie der Ganzheitlichkeit verbindet sich perfekt mit<\/p>\n<p><em><strong>Biosthetique Paris &#8211; Bio und \u00c4sthetik<\/strong><\/em><br \/>\n<em><strong>Total Beauty f\u00fcr Haar, Haut und Kopfhaut<\/strong><\/em><\/p>\n<p>Die Verbindung von nat\u00fcrlichen Inhaltsstoffen, modernster Forschung sowie h\u00f6chste Qualit\u00e4t garantieren Vertr\u00e4glichkeit und Wirksamkeit der Produkte im Einklang mit Mensch und Natur.<\/p>\n<p>Suchen Sie die ideale Pflege f\u00fcr ihre Haut und Haare?<\/p>\n<p>Mit unseren Pflegekonzepten gehen wir ganz auf Ihre individuellen Bed\u00fcrfnisse ein.<\/p>\n<p>Wir beraten Sie nach Ihren pers\u00f6nlichen Pflege- und Stylingw\u00fcnschen.<\/p>\n<p>Gemeinsam finden wir die optimale L\u00f6sung f\u00fcr ihre<\/p>\n<ul>\n<li>Haar- und Kopfhautpflege<\/li>\n<li>Haut- und K\u00f6rperpflege<\/li>\n<li>Stylingwelt<\/li>\n<\/ul>\n<p>Besuchen Sie uns &#8211; gerne zu Ihrem Wunschtermin. Wir freuen uns auf Sie!<\/p>\n","protected":false},"excerpt":{"rendered":"<p>Biosthetique und Philosophie Unsere Philosophie der Ganzheitlichkeit verbindet sich perfekt mit Biosthetique Paris &#8211; Bio und \u00c4sthetik Total Beauty f\u00fcr Haar, Haut [&hellip;]<\/p>\n","protected":false},"author":2,"featured_media":0,"parent":0,"menu_order":1,"comment_status":"closed","ping_status":"closed","template":"","meta":{"ngg_post_thumbnail":0,"footnotes":""},"class_list":["post-19","page","type-page","status-publish","hentry"],"_links":{"self":[{"href":"https:\/\/friseur-salon-frisko-boeblingen.de\/index.php?rest_route=\/wp\/v2\/pages\/19","targetHints":{"allow":["GET"]}}],"collection":[{"href":"https:\/\/friseur-salon-frisko-boeblingen.de\/index.php?rest_route=\/wp\/v2\/pages"}],"about":[{"href":"https:\/\/friseur-salon-frisko-boeblingen.de\/index.php?rest_route=\/wp\/v2\/types\/page"}],"author":[{"embeddable":true,"href":"https:\/\/friseur-salon-frisko-boeblingen.de\/index.php?rest_route=\/wp\/v2\/users\/2"}],"replies":[{"embeddable":true,"href":"https:\/\/friseur-salon-frisko-boeblingen.de\/index.php?rest_route=%2Fwp%2Fv2%2Fcomments&post=19"}],"version-history":[{"count":3,"href":"https:\/\/friseur-salon-frisko-boeblingen.de\/index.php?rest_route=\/wp\/v2\/pages\/19\/revisions"}],"predecessor-version":[{"id":67,"href":"https:\/\/friseur-salon-frisko-boeblingen.de\/index.php?rest_route=\/wp\/v2\/pages\/19\/revisions\/67"}],"wp:attachment":[{"href":"https:\/\/friseur-salon-frisko-boeblingen.de\/index.php?rest_route=%2Fwp%2Fv2%2Fmedia&parent=19"}],"curies":[{"name":"wp","href":"https:\/\/api.w.org\/{rel}","templated":true}]}}